51
Let x(k) = -k**2 - 143*k + 54431. Calculate x(173).
-237
Let s(g) = -62871*g + 62841. Calculate s(1).
-30
Let o(v) = -v**3 + 4*v**2 + 573*v - 3887. What is o(7)?
-23
Let j(r) = 117*r**2 - 837*r - 48. Calculate j(5).
-1308
Let t(l) = -73*l**3 - 803*l**2 + 339*l + 3729. What is t(-11)?
0
Let z(t) = 1875*t + 688199. Calculate z(-367).
74
Let y(v) = -41*v**2 + 104*v - 111. Calculate y(3).
-168
Let b(t) = t**3 + 536*t**2 - 5433*t - 274. Determine b(10).
-4
Let j(i) = i**2 - 421*i + 12442. Determine j(32).
-6
Let b(v) = -54*v + 375. Give b(25).
-975
Let a(o) = -37026*o - 740361. What is a(-20)?
159
Let q(y) = 359*y - 6512. Give q(18).
-50
Let z(x) = x**2 + 243*x - 109927. Calculate z(232).
273
Let d(j) = j**3 - 5*j**2 - 85*j - 6. Determine d(-10).
-656
Let p(k) = 10439*k + 1409269. Give p(-135).
4
Let g(q) = -8*q**3 + 106*q**2 + 223*q - 508. Determine g(-3).
-7
Let p(w) = -130*w - 931. What is p(-12)?
629
Let h(k) = -19125*k - 707648. Give h(-37).
-23
Let o(d) = -1593*d + 1188351. Calculate o(746).
-27
Let y(o) = 12*o**2 + 1907*o - 648. What is y(-159)?
-489
Let x(m) = -7*m - 678. What is x(-60)?
-258
Let b(s) = -s**3 - 14*s**2 + 162*s + 1520. Give b(-8).
-160
Let s(f) = -3*f**2 - 975*f - 78079. Give s(-182).
-1
Let p(r) = 4*r**2 - 48*r - 383. Calculate p(-10).
497
Let k(d) = -d**3 + 138*d**2 - 132*d - 580. Calculate k(137).
105
Let n(s) = -9*s**2 - 1785*s - 1768. Determine n(-1).
8
Let n(u) = -2*u**2 - 58346*u - 6. What is n(0)?
-6
Let x(q) = -4419*q - 132970. Determine x(-30).
-400
Let r(k) = 1212*k - 23858. What is r(20)?
382
Let a(j) = -131*j**3 - 42*j**2 + 68*j + 15. Determine a(2).
-1065
Let i(q) = 2*q**2 + 58*q - 70648. What is i(-203)?
-4
Let q(w) = 2*w**2 + 421*w + 11690. Calculate q(-26).
2096
Let p(q) = -3823781*q - 22942685. What is p(-6)?
1
Let m(l) = -3*l**3 - 2*l**2 - 75*l - 313. Calculate m(-4).
147
Let r(f) = 38815*f - 232895. What is r(6)?
-5
Let j(r) = -3055*r - 36335. Give j(-12).
325
Let b(r) = 41*r**3 + 461*r**2 + r - 34. What is b(-11)?
1165
Let q(i) = 3*i**3 - 23*i**2 + 154*i - 2. Determine q(5).
568
Let j(w) = -3*w**3 + 101*w**2 - 164*w + 255. Calculate j(32).
127
Let l(j) = -203*j**2 - 7176*j - 7174. Calculate l(-1).
-201
Let s(z) = -23*z**2 - 847*z + 2084. Calculate s(-39).
134
Let c(u) = -13*u**3 - 2016*u**2 - 2154*u + 276. Calculate c(-154).
-32
Let q(c) = 1646*c + 559844. What is q(-340)?
204
Let g(a) = 10*a**2 - 49935*a - 500341. What is g(-10)?
9
Let c(t) = 597388*t - 33453721. What is c(56)?
7
Let g(c) = 8*c**3 + 17*c**2 + 19782*c + 39544. Calculate g(-2).
-16
Let y(f) = -491*f + 718702. Calculate y(1464).
-122
Let x(c) = 71*c - 12924. Determine x(168).
-996
Let t(p) = 151789*p + 303577. Determine t(-2).
-1
Let v(l) = 1185*l**2 - 1199*l + 1. What is v(1)?
-13
Let j(f) = -f**3 + 89*f**2 - 262*f + 7649. Give j(87).
-7
Let o(x) = -2*x**3 - 2491*x**2 - 2611*x + 1394521. Determine o(-1244).
-3
Let v(b) = -130*b**2 + 8323*b - 71. Calculate v(64).
121
Let d(s) = -s**2 - 15215*s - 3638199. Calculate d(-243).
-3
Let z(v) = 18*v - 581. Calculate z(28).
-77
Let p(t) = 37364*t + 523078. What is p(-14)?
-18
Let z(s) = -s**2 - 4891*s - 82852. Determine z(-17).
6
Let y(h) = h**3 - 449*h**2 - 5533*h + 443. Give y(461).
-18
Let q(c) = -2*c**2 - 25083*c + 225915. Calculate q(9).
6
Let g(i) = -624659*i + 15616480. Determine g(25).
5
Let l(d) = -380*d - 102968. Calculate l(-270).
-368
Let c(h) = -108134*h - 14922490. Calculate c(-138).
2
Let i(q) = q**2 - 37511*q + 150030. Calculate i(4).
2
Let x(f) = 2*f**3 - 126*f**2 - 244*f - 1076. Give x(65).
-36
Let a(x) = 4*x**2 + 35712*x - 71434. Calculate a(2).
6
Let f(i) = -1752*i + 4101. Determine f(2).
597
Let a(o) = -o**3 - 28*o**2 - 2106*o - 103436. Give a(-40).
4
Let c(n) = -67*n**2 - 1259*n + 294. Give c(-19).
28
Let w(h) = 897068*h + 2691204. Determine w(-3).
0
Let x(q) = q**3 - 2041*q**2 + 255544*q - 11445. Determine x(1907).
-3
Let s(d) = -58*d**2 - 55*d - 191. Calculate s(-6).
-1949
Let i(x) = -842*x + 1404. What is i(-1)?
2246
Let w(b) = 16*b**2 - 4504*b + 2075. Give w(281).
-173
Let p(h) = 10*h**2 - 21539*h + 86156. Determine p(4).
160
Let m(v) = 2*v**3 - 90*v**2 + 13*v - 534. Calculate m(45).
51
Let s(y) = -3697*y + 44377. Give s(12).
13
Let c(a) = -a**3 - 1098*a**2 - 17295*a + 278. Determine c(-16).
6
Let i(n) = 205*n + 155. Give i(0).
155
Let n(c) = -2864*c + 2863. Calculate n(1).
-1
Let n(r) = -r**2 - 103*r - 1324. Determine n(-80).
516
Let m(t) = 6*t**3 - 56*t**2 + 25*t - 32. Give m(11).
1453
Let l(y) = -1375*y - 33396. Calculate l(-24).
-396
Let i(n) = 7*n**2 + 768*n - 532. What is i(-111)?
467
Let i(v) = -11*v**2 - 219*v + 46. Determine i(-20).
26
Let v(q) = -10*q**2 + 27*q - 3. Calculate v(14).
-1585
Let y(v) = 2*v**2 + 41226*v - 371205. Determine y(9).
-9
Let v(q) = q**3 + 44*q**2 + 46*q + 1112. What is v(-43)?
983
Let n(i) = 2586*i**2 + 2622*i. Give n(-1).
-36
Let f(j) = -3*j**3 - 71*j**2 - 138*j + 441. Determine f(-21).
-189
Let u(o) = 190*o - 11642. Determine u(63).
328
Let a(t) = t**3 - 13*t**2 - 293*t - 6. Give a(-8).
994
Let i(w) = -w**2 + 3093*w + 160383. What is i(-51)?
39
Let d(r) = 135*r - 18931. Determine d(140).
-31
Let q(d) = 72437*d + 5. Determine q(0).
5
Let n(j) = -43*j**3 - 1287*j**2 + 92*j - 126. What is n(-30)?
-186
Let c(j) = -j**2 - 22382*j + 156728. Give c(7).
5
Let w(l) = -36*l**2 + 866*l - 57. Calculate w(24).
-9
Let h(b) = -3*b**2 - 22886*b - 160052. Calculate h(-7).
3
Let r(i) = -103*i**2 + 4842*i + 5. Calculate r(47).
52
Let r(c) = -17*c**3 + 5617*c**2 + 3297*c + 4296. Determine r(331).
-7
Let z(i) = -8*i**2 - 853*i - 14888. Give z(-22).
6
Let n(x) = 10161*x - 30492. Calculate n(3).
-9
Let z(k) = -2594*k - 41524. What is z(-16)?
-20
Let w(f) = -2*f**2 - 224497*f + 1796090. What is w(8)?
-14
Let m(c) = -31*c**2 + 402*c + 2324. Give m(-6).
-1204
Let t(y) = -711019*y - 2844083. Give t(-4).
-7
Let j(a) = a**2 + 246047*a + 5166561. Calculate j(-21).
15
Let m(f) = f**2 - 78*f - 2641. What is m(85)?
-2046
Let p(c) = -59874*c - 119717. What is p(-2)?
31
Let z(q) = -236*q + 18847. Determine z(80).
-33
Let j(m) = m**3 + 46*m**2 + 392*m - 541. Give j(-34).
3
Let q(o) = -41*o**2 - 245*o - 13. Calculate q(-6).
-19
Let x(j) = -j**3 - 14*j**2 + 192*j - 151. Calculate x(10).
-631
Let t(l) = -3*l**2 - 20580*l - 267194. Calculate t(-13).
-161
Let c(b) = 22577*b + 67734. Calculate c(-3).
3
Let s(r) = -2*r**3 + 254*r**2 + 3190*r - 61653. Determine s(137).
-3
Let x(w) = -w**2 + 412*w - 33653. Determine x(304).
-821
Let a(y) = 324*y - 16581. Give a(52).
267
Let j(d) = 3*d**2 + 52*d - 1064. Determine j(9).
-353
Let c(k) = 125*k - 5618. What is c(41)?
-493
Let j(q) = 78665*q + 314662. What is j(-4)?
2
Let r(k) = k**2 - 31950*k - 3558755. Determine r(-111).
16
Let a(j) = -44752*j + 3803916. What is a(85)?
-4
Let q(n) = -n**3 + 37*n**2 + 2304*n - 231. Calculate q(-33).
-33
Let k(q) = 179*q + 27538. Give k(-127).
4805
Let d(o) = -96*o - 7404. What is d(-83)?
564
Let d(k) = 765*k + 4952. What is d(-1)?
4187
Let d(x) = 13*x - 62. Determine d(5).
3
Let v(o) = 434*o - 15242. What is v(35)?
-52
Let r(u) = 7*u**3 - 1140*u**2 - 165*u + 359. Calculate r(163).
33
Let p(y) = -430*y**2 - 7813*y - 1283. Calculate p(-18).
31
Let b(f) = -3*f**2 + 5*f + 404. Give b(-13).
-168
Let w(y) = 7*y**2 - 5360*y - 48298. Give w(-9).
509
Let l(y) = 6*y**3 + 63*y**2 - 383*y - 29. Give l(5).
381
Let i(b) = -2*b**2 + 259*b - 6434. Determine i(32).
-194
Let g(d) = 48*d**2 - 713*d - 17676. Determine g(28).
-8
Let w(p) = -p**2 + 998*p - 115783. Determine w(134).
-7
Let g(z) = z**2 + 61*z - 538. What is g(20)?
1082
Let i(o) = 392975*o + 12575185. Determine i(-32).
-15
Let v(g) = 17*g**2 - 1150*g - 4698. What is v(-4)?
174
Let r(m) = 4*m**3 - 5*m**2 - 6*m - 74. Determine r(-5).
-669
Let t(l) = l**3 - 144*l**2 + 971*l - 97511. What is t(142)?
43
Let z(j) = 98*j**2 - 4718*j + 52. Determine z(48).
-620
Let o(g) = -2*g**3 + 9*g**2 - 15*g + 9. Give o(4).
-35
Let l(q) = q**3 + 253*q**2 + 1722*q - 282. Calculate l(-246).
-282
Let h(c) = c**3 + 155*c**2 + 5631*c + 315. Give h(-58).
25
Let r(x) = -x**3 - 52*x**2 - 46*x - 505. Calculate r(-51).
-760
Let d(s) = -13*s**2 - 3236*s - 15850. Calculate d(-5).
5
Let a(v) = -108059*v**2 + 540292*v + 9. Give a(5).
-6
Let t(h) = -h**2 - 52398*h + 366831. What is t(7)?
